pose -4*n - 4*o = -3*o - 7, -4*n - 8 = c*o. Suppose f = -b + 12, f - n*b - 2*b = 12. List the prime factors of f.
2, 3
Let o = -11 + 63. Suppose -g = -5*q + 21, -2*g + g - 17 = -4*q. Suppose -4*r + q*j = -o, r - 9*j = -5*j + 19. What are the prime factors of r?
11
Let c(d) = 17*d - 21. What are the prime factors of c(5)?
2
List the prime factors of -66*(5 - (-44)/(-8)).
3, 11
Let c = 22 - -36. List the prime factors of c.
2, 29
Let z(n) be the second derivative of -3*n**3/2 + 9*n**2/2 + 3*n. Let f be z(7). List the prime factors of f/(-7) - 10/(-35).
2
Suppose -4*g - 42 + 114 = 0. Suppose -g + 4 = -o. List the prime factors of 4/o + 68/7.
2, 5
Let v = -19 - -49. Suppose 3*h + 5*a - 2*a = v, -28 = -3*h - 5*a. List the prime factors of h.
11
List the prime factors of 387/18 + (-1)/2.
3, 7
Suppose 0*h - h = 0. Suppose 3*b + 3*l - 6 - 3 = h, 5*b - 5*l = 35. What are the prime factors of b?
5
Let p = 56 + -37. What are the prime factors of p?
19
Suppose 0 = -6*d + 10*d - 260. What are the prime factors of d?
5, 13
Let u be (-36)/14*(-22 + 1). Let l = -37 + u. List the prime factors of l.
17
Suppose 2*g = -y + 6 - 0, -4*g + 4*y = 12. Suppose -3*h = 2*k - 2, 4*h + 5*k = -1 - 1. What are the prime factors of (g - (-1)/h)*8?
2, 3
Suppose 2*u = -5*a - 9, 4*u + a + 13 = 2*u. Let p(k) = -k**3 - 8*k**2 - 2*k - 14. Let q(l) = -l + 1. Let x(v) = -p(v) - 4*q(v). List the prime factors of x(u).
17
Let g(n) = n - 3. Let f be (0/(-1 - 1))/(-1). Let a be g(f). List the prime factors of 0/(a - -5) + 6.
2, 3
Let m(n) = 30*n**3 + n**2 - 4*n + 3. List the prime factors of m(2).
239
Let n = -14 + 62. What are the prime factors of n?
2, 3
Suppose -5*k = 3*w - 51, w + w - k - 34 = 0. What are the prime factors of w?
17
Let u(n) = n + 14. What are the prime factors of u(0)?
2, 7
Let t = 7 + 17. List the prime factors of t.
2, 3
Suppose 4*u + 26 = -22. What are the prime factors of (-206)/u + 13/(-78)?
17
Suppose -6*i + 183 + 99 = 0. What are the prime factors of i?
47
Let i be ((-16)/10)/((-4)/220). Suppose 52 = 4*t - i. List the prime factors of t.
5, 7
Let n = 6 - -62. What are the prime factors of n?
2, 17
Let i = -47 + 187. List the prime factors of i.
2, 5, 7
Let g = -5 - -10. Suppose 0 = -5*q + g*v - 85, -49 = 4*q - 5*v + 21. Let r = -9 - q. List the prime factors of r.
2, 3
Let n(z) = z**3 - 7*z**2 + 6*z + 4. Let u be n(6). Suppose 0 = 3*t - u - 5. What are the prime factors of t?
3
What are the prime factors of (-92)/(-8)*(1 + 1)?
23
Let h = -47 + 79. List the prime factors of h.
2
Let t be 177/18 + 3/18. Let n(r) = r**3 - 10*r**2 + r - 7. What are the prime factors of n(t)?
3
Let z(h) = h**2 + 7*h - 7. Let o be z(-8). List the prime factors of ((-2 - -2) + 9)/o.
3
Let u = 15 + 5. Let k = u - 8. What are the prime factors of k?
2, 3
Let r(q) be the third derivative of -q**4/24 - q**3/2 + q**2. What are the prime factors of r(-8)?
5
Let s(n) be the second derivative of n**4/12 + n**3/2 + n**2/2 - 7*n. List the prime factors of s(3).
19
Suppose -4*u + 370 = 98. List the prime factors of u.
2, 17
Let v = -5 - -7. What are the prime factors of v?
2
What are the prime factors of ((-4)/6 - 190/(-60))*76?
2, 5, 19
List the prime factors of (8/2)/(-12)*-54.
2, 3
Let o = -7 + 9. Suppose o + 10 = -3*r. What are the prime factors of (2/r)/(2/(-20))?
5
Suppose 5*l = 2*y, y - 9 = -3*l + l. Let d(j) be the second derivative of j**4/12 - j**3/6 + j**2/2 + j. What are the prime factors of d(l)?
3
Suppose -155 = 5*h - 4*f - 498, -2*h + 151 = 3*f. Let d = h - 34. What are the prime factors of d?
37
Let c(a) = -2*a - 3. Let f be c(-3). Suppose -11 = -f*g + 16. List the prime factors of g.
3
What are the prime factors of 31/(3/6 + 0)?
2, 31
Suppose 0 = -4*n + 3*v + v + 32, 3*n + 2*v - 24 = 0. Suppose 3*h = h + n. Suppose h*u = -3 + 15. List the prime factors of u.
3
Let r = -5 + 10. What are the prime factors of ((-14)/(-4))/(r/60)?
2, 3, 7
Let q(s) = s + 1. Let w be q(4). Suppose 4 + 6 = 2*n - 4*f, -4*n + w*f + 5 = 0. Let l = 8 + n. List the prime factors of l.
3
Suppose 0 = -6*m + 4*m + 54. What are the prime factors of m?
3
Suppose -3*q + 3 = -2*q. Suppose q*l - 123 = -4*m, -126 = -2*l + 3*m - 44. List the prime factors of l.
41
List the prime factors of (-137)/(-5) - (-20)/(-50).
3
List the prime factors of (209 - 11) + (2 - 4)*-2.
2, 101
Let z(r) = r**3 - r. Let g be 4/(-14) + (-112)/(-49). Suppose 4*p = -4*i + 20, p + g = -4*p + 4*i. What are the prime factors of z(p)?
2, 3
Suppose 0 = 2*z + 2*x - 68, -2*z + z - 4*x = -49. What are the prime factors of z?
29
Let t be ((-114)/(-15))/(1/10). Let r = 136 - t. Suppose 5*v - r = -0*v. What are the prime factors of v?
2, 3
Let q = 162 - 70. List the prime factors of q.
2, 23
Suppose -m = -5*b - 37, -2*b = -5*m - 28 + 144. List the prime factors of m.
2, 11
Suppose 4*g - 164 = 4*q, -4*g = -2*q - 163 + 9. List the prime factors of g.
2, 3
Let l be (-3)/(-9)*3*0. Suppose 5*b - 227 + 17 = l. Suppose 0*a = -2*a + b. List the prime factors of a.
3, 7
Let a(u) = -2*u + 12. Let t(h) = 2*h - 11. Let f(y) = 6*a(y) + 7*t(y). Let l be f(4). Suppose 40 = 5*c + l*r, -c + 37 = 5*r + 7. List the prime factors of c.
5
Let t be -3*1 - -2 - -3. Suppose t*x + 3*x - 5 = 0, -2*s + 13 = 5*x. Suppose 3*h + 2 = 2*d - 18, s*h = -4*d + 40. List the prime factors of d.
2, 5
Let k be (-2)/(3/(-42)*1). Let o = k - 11. List the prime factors of o.
17
Let k(w) = -w**2 + 10*w. List the prime factors of k(8).
2
Let j be (4/(-12))/((-1)/6). Let y(i) = i**2 + 3*i + 2. Let n be y(-2). Suppose 4*r - 4 = 2*x, n*x + 5*r - 9 = j*x. What are the prime factors of x?
2
Suppose -3*k - 5*k + 424 = 0. List the prime factors of k.
53
Suppose 2*t - 2*h = -t - 18, 0 = -5*t + 4*h - 32. List the prime factors of (-4)/6*3 - t.
2
Let s be (-88)/(-9) - 4/(-18). Suppose -5*q + 28 = -4*b, 0 = q - 3*b - s. Let y(i) = -i**3 + 4*i**2 + 3*i - 1. What are the prime factors of y(q)?
11
Suppose 110 = 3*h - 2*b, 0 = -2*b + b + 5. List the prime factors of h.
2, 5
Let v(f) = -10*f**3 - 2*f**2 + f. Let t be v(1). Let r = t - -39. What are the prime factors of r?
2, 7
Let g(u) be the third derivative of u**4/8 + u**3/3 + 10*u**2. Let o(c) = -c + 7. Let r be o(5). List the prime factors of g(r).
2
Let z = 9 + -4. Suppose 0 = z*a + 5*x + 20, x + 12 = 3*a - 2*x. Suppose 4 = 2*y - a*y. What are the prime factors of y?
2
What are the prime factors of (-1)/(-4) + 856/32?
3
Let d(k) = -k - 7. Let q be d(-3). Let x = 2 - q. What are the prime factors of x?
2, 3
Suppose -5*i - 37 = 3*j - j, i = -5. Let x = j - 0. List the prime factors of (-1)/3 - 50/x.
2
Suppose 21 - 53 = -4*i. List the prime factors of 2/i + 156/16.
2, 5
Let a(q) = -q**3 + 6*q**2 + 1. Suppose -2*b - m = -8, 3*b + 2*b - 5 = 5*m. List the prime factors of a(b).
2, 7
Suppose 220 = -11*v + 12*v. List the prime factors of v.
2, 5, 11
Suppose 2*g - 96 = -18. What are the prime factors of g?
3, 13
Let o be (12/30)/(2/(-20)). Let f be 3 - (-12)/(-1 - o). Suppose -4*w - 36 = -f*w. What are the prime factors of w?
2, 3
Let v be (-2)/7 + 51/7. Let f(u) = 2*u - 5. List the prime factors of f(v).
3
Let b(w) = w**3 - 2*w**2 - 4*w + 6. List the prime factors of b(4).
2, 11
What are the prime factors of 0 + 46 + 1 - 0?
47
Let q(x) = -x**3 + 10*x**2 + 14*x - 5. List the prime factors of q(11).
2, 7
Suppose -2*j = 2*p - 10, 6 = -0*j + j + 2*p. Suppose -22 = -j*x + 34. What are the prime factors of x?
2, 7
Suppose 0*l - 5*l = 0. Suppose -t = -f + 6, -f + l*f + 14 = -5*t. What are the prime factors of f?
2
Suppose -z = -2*z - 3. Let p be z*(24/9)/2. List the prime factors of (-57)/6*(p - -2).
19
Let l(u) be the first derivative of u**5/60 - u**4/4 + 4*u**3/3 - u**2 + 2. Let n(b) be the second derivative of l(b). List the prime factors of n(6).
2
Let t(n) = -40*n**3 + n**2 + n. Let c = 2 - 3. Let m be t(c). Suppose 3*w + w = m. List the prime factors of w.
2, 5
Let d(h) = -2*h + 4. Let m be d(4). List the prime factors of (-8)/(-12)*(-42)/m.
7
Let g = -2 - -2. Suppose 0 = -g*b + 5*b - 10. Suppose b*x + 24 - 92 = -4*c, 4*c = x + 80. What are the prime factors of c?
19
Let z(b) = -b**2 + 6*b - 3. Let j be z(4). Suppose 27 = 4*l - j*a, -2*l + 4*a + 11 = -1. What are the prime factors of l?
2
Suppose 4*h + 28 = -4*o - 0*h, 4*o - h = -43. List the prime factor